s of u.
5, 23, 83
Suppose -3*x = -g - 15, 0 = -g + x - 3*x + 10. Suppose 4*b + 5*b + 243 = g. What are the prime factors of (1 - b/(-5))*-30?
2, 3, 11
List the prime factors of ((-24500)/8 + 4/16)/(3/(-8)).
2, 3, 1361
Suppose 6*a = 10*a - 64. Suppose -a*y + 17*y - 1188 = 0. Suppose y = -m + 12*m. What are the prime factors of m?
2, 3
Let g(u) = 2*u + 8. Let f be g(-8). Let t = 5293 + -5080. Let a = t - f. List the prime factors of a.
13, 17
Let m = -9440 + 13686. What are the prime factors of m?
2, 11, 193
Let l be ((751 - 5) + 0 - -4) + -3. List the prime factors of (l - 15)*2/6.
2, 61
Let p(w) = -w**2 + 20*w - 3. Let o be p(14). Let r = o + -53. Suppose r*s - 708 = 24*s. What are the prime factors of s?
3, 59
Let w(h) = -12*h**3 - 20*h**2 + 18*h - 25. What are the prime factors of w(-9)?
11, 631
Suppose 3*q + 11001 = 3*t, 29*q = 3*t + 34*q - 10993. What are the prime factors of t?
2, 3, 13, 47
Let c(s) = -78*s + 8. Let k be c(1). List the prime factors of (0 - 1644)*(4 - k/(-15)).
2, 137
Let i = 2049 - -1537. Suppose -2*f - i = -4*m, 0 = -2*m + 4*f + 2132 - 330. List the prime factors of m.
5, 179
Let a(o) = -o**3 + 7*o**2 + 19*o - 5. Let j be a(9). Let g(r) = 4*r + 24*r - 12 + j*r**2 - 5*r**2 - 9*r. List the prime factors of g(14).
2, 29
Suppose 18*i + i = 93728 + 489021. What are the prime factors of i?
30671
List the prime factors of (17/((-1088)/208))/(1/(-2076)).
3, 13, 173
Suppose 0 = 5*x - 2*f + 6*f - 2063, 4*x = -2*f + 1654. Let o = 539 + x. List the prime factors of o.
2, 3, 53
Suppose 5*m = -0*m - v + 20180, -3*m + 12110 = v. What are the prime factors of m?
3, 5, 269
Suppose -t + 3*f = -32609, 33*t - 38*t + 7*f = -163005. What are the prime factors of t?
2, 43, 379
Suppose -5*x + 7*x - 4 = 0. Suppose 2*l + 3*r - 2455 = 0, -5*r - 9 = -x*r. List the prime factors of l.
2, 7, 11
Let m be 3 + (-8)/(-1 - -3)*1. Let n = m + 25. What are the prime factors of n*(-20)/(-6)*1?
2, 5
Let y(k) be the second derivative of -k**5/20 + 4*k**4/3 + k**3/2 - 31*k**2/2 + 23*k. Let c be y(16). Suppose 16*o + 135 = c*o. What are the prime factors of o?
3, 5
What are the prime factors of -12*(-896 - ((-1 - -5) + -6 + -1))?
2, 3, 19, 47
Let d be ((-16)/32)/(2/364). Let u be 4/26 + (287/d - -6). Suppose -4 = v - 5*r, 4*r = u*v - 0*r - 32. List the prime factors of v.
2
Let q(b) = 2*b**2 + 3*b + 19. Suppose -3*j + 4*u = -9, u + 4*u - 22 = -j. Suppose 0 = -2*z + j*z + 40. List the prime factors of q(z).
3, 41
Let l = -1903 + 3258. Suppose 2*j - l = -2*b + 3*b, 0 = 5*b + 25. List the prime factors of j.
3, 5
Let h(g) = 18*g - 8. Suppose -2*y - 21 = 7. Let s be 60/(-105) - (78/y + 0). What are the prime factors of h(s)?
2, 41
Let o be (-1170)/(-22) - 8/44. Let s = 93 - o. Suppose -3*x = 2*x - s. List the prime factors of x.
2
Let q(p) = p**2 + 15*p - 9. Let j(f) = -2*f**2 - 6*f + 8. Let i be j(3). List the prime factors of q(i).
5, 71
Suppose 4*c + 5*k - 5 = c, -5*c = -3*k + 3. Suppose b - 25 = -o - 0*o, c = -3*b + o + 71. What are the prime factors of (-2)/(-12) - (-4)/b*473?
79
Suppose 37*i + 20*i - 524286 = 0. What are the prime factors of i?
2, 3, 7, 73
Let r(t) = -136*t + 105. Let j be r(16). What are the prime factors of (-7)/1 - 1 - j?
2063
Suppose -16*p + 17*p = -3*i + 4577, 4*p = 4*i + 18356. What are the prime factors of p?
2, 2293
Let q(p) = 4*p**2 - 4*p - 1. Let w be q(2). Let f(s) = -w*s + 4*s + 4 - 14. List the prime factors of f(-8).
2, 7
Let l = -12 - -12. List the prime factors of 1/2*l - (-76 + -1).
7, 11
What are the prime factors of (15/(-35))/(-1) - 9182529/(-133)?
2, 3, 37, 311
Let o(c) = 52*c - 5. Let m = 336 + -324. What are the prime factors of o(m)?
619
What are the prime factors of 7 + -13 - -7 - -9833?
2, 3, 11, 149
Let x(b) = -6*b**3 + 15*b**2 - 7*b - 181. List the prime factors of x(-10).
3, 821
Suppose 56*v + 56 = 64*v. Suppose 866 - 4156 = -v*t. What are the prime factors of t?
2, 5, 47
Let m = -34098 - -58060. List the prime factors of m.
2, 11981
Let j = -29004 + 42774. Suppose 33*x = 84*x - j. What are the prime factors of x?
2, 3, 5
Let t = 178 + 198. Let q = t + -193. What are the prime factors of q?
3, 61
Let g(p) = -6*p**2 - p - 6. Let n be g(-4). Let v = n + 172. Let b = -50 + v. List the prime factors of b.
2, 3
Suppose 636 = 4*r + 2*z - 3*z, 0 = 2*r - z - 316. Let c = -102 + 0. Let k = r + c. List the prime factors of k.
2, 29
Let r be 32/(-4) + (4 - -4). Suppose r = -4*u - 5*i + 185, 0 = -3*u + 2*u + 2*i + 30. What are the prime factors of u?
2, 5
Let z(u) = -6*u + 74. Let x be z(5). Let w = 65 + -9. Let s = w - x. What are the prime factors of s?
2, 3
Let h(s) = -1509*s + 26. List the prime factors of h(-14).
2, 661
Suppose 0 = -111*m - 45*m + 2789592. What are the prime factors of m?
2, 8941
Suppose 12*q + 66 = 18*q. Let m(k) = -9*k - 33. Let d(b) = 4*b + 17. Let p(u) = -9*d(u) - 5*m(u). What are the prime factors of p(q)?
3, 37
Let t be (-4)/(4/3) - (-4289 - 24). Suppose -p + t = 4*p. What are the prime factors of p?
2, 431
Let c(b) be the third derivative of b**5/30 - b**4/8 - 3*b**3 - 15*b**2. List the prime factors of c(9).
3, 13
Let o = 37465 - 15240. List the prime factors of o.
5, 7, 127
Let o = 6992 + -3232. List the prime factors of o.
2, 5, 47
Suppose 3*a + 0*z = -3*z + 3, 4*z + 20 = 4*a. Let v(p) = 11*p - 44. Let k be v(4). Suppose k = a*s + 2*s - 635. What are the prime factors of s?
127
Suppose 0 = -4*d + 2*d - 852. Let p = d + 200. Let r = -121 - p. What are the prime factors of r?
3, 5, 7
Let j be (-3 - 0)/((-15)/(-50)). Let s = -6 - j. What are the prime factors of ((-42)/4)/(s/(-80)*6)?
5, 7
Suppose 3*f - 5*w - 28255 = 0, -7*w = -4*f - 2*w + 37665. What are the prime factors of f?
2, 5, 941
Let b(t) = -2*t**2 + 17*t - 55. Let s be b(2). Suppose 47 = -3*j + 236. Let c = j + s. List the prime factors of c.
2, 17
Let b = -3956 - -15573. List the prime factors of b.
11617
Suppose 2*s + 11 = -4*y + 5*y, 4*s = -y - 13. Let p(h) = 108*h - 3. What are the prime factors of p(y)?
3, 107
Let c(w) = -45478*w + 574. List the prime factors of c(-1).
2, 29, 397
Let g be (-16)/(-5) - 1 - (-3)/(-15). Suppose o + o - 24 = g*y, 0 = -5*y - 2*o - 81. What are the prime factors of (y/(-20))/(3/204)?
3, 17
Let f(k) = 2*k**2 - 6*k + 4. Let y be f(1). Suppose y = -3*o + 2*u + 1141, -4*u - 656 = -2*o + 102. List the prime factors of o.
3, 127
Let a = 24 - 22. Let o be a + (2 - (8 + -2)). Let u = o + 44. What are the prime factors of u?
2, 3, 7
Let h(s) = 14*s + 36. Let i(m) = -2*m. Let d(r) = h(r) - 4*i(r). List the prime factors of d(12).
2, 3, 5
Suppose 0 = 27*k + 1073 + 2815. Let s = -126 - k. What are the prime factors of s?
2, 3
Suppose 18*g + 2656 = 2*g. Suppose 2*t + 633 = -5*u + 1966, -u + 268 = -t. Let f = u + g. List the prime factors of f.
101
Let q(z) = -z**2 + 3*z + 34. Let s be q(0). Suppose -s*g = -33*g - 354. List the prime factors of g.
2, 3, 59
Suppose -l - 7 = 5*v + 6, 22 = 5*l - 4*v. Suppose l*s = 10 + 152. Let y = 138 - s. List the prime factors of y.
3, 19
Suppose 3 = -3*l - 7*c + 12*c, 2 = 2*l - 2*c. Suppose 0 = 5*q - 2*q + l*y - 2676, -3*y = 3*q - 2676. What are the prime factors of q?
2, 223
Let n(m) = -267*m + 799. List the prime factors of n(-7).
2, 23, 29
Suppose 2*u = -2*o + 26964, 6 = -160*u + 162*u. What are the prime factors of o?
3, 4493
Let q = -46 + -165. Let u = -147 - q. List the prime factors of (11/4)/(4/u).
2, 11
Suppose 33735 = 4*h - 5*q, -4*q + 16822 = 4*h - 2*h. List the prime factors of h.
5, 337
Suppose -8*g + l = -9*g + 17015, g + 2*l - 17021 = 0. List the prime factors of g.
73, 233
What are the prime factors of -10*((-3)/12 - 111155/44)?
5, 31, 163
Suppose 196 = -16*f + 30*f. Suppose f*t = 9*t + 1245. List the prime factors of t.
3, 83
Let m be -7 + 12*(-8)/(-12). What are the prime factors of ((-404)/(-6))/(m + 25/(-30))?
2, 101
Suppose 2*b = -0*m + 4*m - 1664, -4*b = -2*m + 826. Suppose -274 - 762 = 4*q. Let i = q + m. What are the prime factors of i?
2, 79
List the prime factors of (570/114)/(1/171).
3, 5, 19
What are the prime factors of (0 + (-59710)/7)/(12/(-24))?
2, 5, 853
Suppose -3*g - 5*o = -329, 5*g + o - 538 = 3*o. Let d = 113 - g. Suppose 233 = l - d*t, 3*l + 3*t - 492 = 189. List the prime factors of l.
2, 3, 19
Suppose 2*f = -4*q - 4, 2*f = q - 0 + 11. List 